2 + 7*b - 4. Let h(j) = i(j) - 3*s(j). Calculate h(a).
5
Let b(z) = z**3 + 8*z**2 + 1. Let m be b(-8). Let l(y) = -4*y + y - m + y. What is l(-3)?
5
Let p(m) = m**3 + 3*m**2 - 6*m - 6. Suppose -u - 6 = -3*u. Suppose 0*z - 12 = u*z. Calculate p(z).
2
Let b(a) be the third derivative of -a**5/60 - a**4/3 - 2*a**3/3 - 3*a**2. Let d be b(-8). Let u(f) = -f**2 - 5*f - 2. What is u(d)?
2
Let v(y) = -6 + 0*y + 9 + 5*y**2 - 5*y**3 + 5*y + 6*y**3. Determine v(-3).
6
Let s = -6 - -6. Let j(n) = -3*n + 2. Let w(o) = 16*o - 11. Let m(l) = -11*j(l) - 2*w(l). Calculate m(s).
0
Let q(j) be the third derivative of -1/60*j**5 - j**2 - 5/24*j**4 + 0 + 0*j + 1/3*j**3. Let u be 2/((-9)/(-15) + -1). Determine q(u).
2
Let m(d) be the first derivative of 3 - 3*d**2 - 2*d**2 + d + 6*d**2 + 0*d. Determine m(-3).
-5
Let l(i) = -i**2 - 6*i. Let h be l(-6). Let n(p) = 3 + h*p - 7 - p. Let u = 53 + -58. Calculate n(u).
1
Let u(i) = 7*i**3 - 10*i**2 + 6*i - 12. Let m(o) = -6*o**3 + 10*o**2 - 5*o + 11. Let a(w) = 6*m(w) + 5*u(w). Determine a(10).
6
Suppose 0*m + 2*m = 20. Let z be ((-1)/(-2))/(1/m). Let q(n) = -7*n**2 + 13*n - 10. Let t(g) = -3*g**2 + 6*g - 5. Let p(x) = -2*q(x) + 5*t(x). Give p(z).
-10
Let l(k) = -k**3 + 6*k**2 - 7. Let q(u) = u + 33. Let f be q(-28). Give l(f).
18
Let q(z) = -z**3 + 3*z**2 + 4*z + 3. Let f be q(4). Let l(d) = 3 + 3*d**2 - 4*d**2 + 3*d**2 - 5*d. Give l(f).
6
Let j be (-2 - -2)/(0 - -3). Let n(g) = -2 + 3*g**3 + g + j*g**3 - 4*g**3 - 2*g**2. Give n(-3).
4
Let o be (-1 - 2)*(3 + -4). Let u(t) = -o*t + 2*t - t**2 + 2 + 3*t. Suppose 0 = -j + 4*l + 14, 5*j - 3*l + 22 = -6*l. Calculate u(j).
-6
Let t(i) be the second derivative of 2*i**2 - 1/20*i**5 + 0 + 2/3*i**3 + 5*i - 1/4*i**4. Give t(-4).
4
Let p(o) = 2964 + 2*o**2 + 5*o - o - o**3 - 2965. Let y(s) = -s**3 + 3*s**2 + 6*s - 5. Let h be y(4). Determine p(h).
2
Let l(q) = -3*q**2 + 3*q + q**2 - q**3 + 2 + 0. What is l(-3)?
2
Let k be (0 + 5)*3/5. Let v(w) = 3 - 3*w**3 + 3*w - 7*w + 2*w**2 + 4*w**k - 4. Let g(b) = -2*b**2 - 4*b - 3. Let l be g(-2). Calculate v(l).
2
Let c(j) = -5*j**2 + 4*j - 11. Let y(v) = -4*v**2 + 5*v - 10. Let m(f) = 3*c(f) - 4*y(f). What is m(6)?
-5
Let d(x) = -2*x + 4. Suppose 6*k - 9*k = 51. Let t = k - -20. Determine d(t).
-2
Let q(b) = 0*b**2 + 4*b + 4 - 1 - b**2. Let i be 0*2/(2/(-1)). Suppose -3*n = -3*p - i*n + 27, -4*p + 6 = 2*n. Calculate q(p).
3
Let z = 8 + -3. Let b(t) = t - z*t - 1 + t + 2*t. Give b(2).
-3
Let x(k) = -4*k**2 - 7*k**2 + 5*k**2 - 5*k - k**3. Let t be (-4 - (-3)/(-9)) + (-4)/6. Give x(t).
0
Let d be (-15)/(-6) + (-2)/4. Let u(o) = 7 + 2*o - 8*o + o**d - 2*o. What is u(5)?
-8
Let q(s) = 2*s - 1. Let h(u) = u**3 + 14*u**2 - 17*u - 31. Let l be h(-15). Calculate q(l).
-3
Let c = -35 + 65. Let b be (-4)/6 + c/(-9). Let u(z) be the second derivative of -z**4/12 - 5*z**3/6 - 3*z**2/2 - 5*z. Give u(b).
1
Let d(o) = -5*o**2 + 11*o - 11. Let f(n) = n**2 - n. Let q(b) = -d(b) - 6*f(b). What is q(-8)?
-13
Let x(l) = -l**2 - 3*l - 5. Let o(z) = z**2 + 3*z + 4. Let q(a) = 5*o(a) + 4*x(a). What is q(-4)?
4
Let w(i) be the first derivative of -i**2 - 2*i - 2. Calculate w(-6).
10
Let p(b) = -b**3 + 6*b**2 - 4*b - 3. Let g(i) = i**3 - 9*i**2 + 10*i - 11. Let n be g(8). Calculate p(n).
2
Let o be (-1 - -2)/((-5)/(-25)). Let i = 4 - o. Let j(g) = -5*g + 5. Let m(r) = -11*r + 9. Let p(s) = -7*j(s) + 4*m(s). What is p(i)?
10
Let d(a) = -4*a + 1. Let n be (-1 - 0)/(-1 + 2). Let b be d(n). Let i(m) be the first derivative of m**4/4 - 2*m**3 + 3*m**2 + 6. Calculate i(b).
5
Let x(v) = -2*v + 9*v - 2 + v**2 - 1. Determine x(-7).
-3
Suppose 0 = 3*f - v - 4 - 7, -4*f = -v - 13. Let m(p) = 5*p + 1. What is m(f)?
11
Let c(p) = p**2 - p - 4. Let m(b) = b**2 + 2*b. Let o be m(-3). Let t be c(o). Let j = -1 + t. Let v(l) = -5*l**3 - l**2 + l - 1. Calculate v(j).
-6
Let g(n) = -4*n**2 - 2. Let r(p) = -9*p**2 - 5. Let b be (-16)/40 + 17/5. Let z(u) = b*r(u) - 7*g(u). Let x be 2/(-7) + 36/(-21). Give z(x).
3
Let s = -3 - -4. Let a(d) be the second derivative of 0*d**4 + 1/6*d**3 - 1/2*d**2 - 1/20*d**5 - 5*d + 0. Give a(s).
-1
Let l(v) be the second derivative of -v**3/2 - v**2 + 6*v. Give l(4).
-14
Let w = -9 + 12. Suppose 2*n - 5*m = 0, -w*n + m + 4*m = 0. Let t(d) = -d**3 + d**2 + d - 3. Calculate t(n).
-3
Let g = 3 + 3. Let a = g - 5. Let v(x) = -x**2 + x + x + 8*x**3 - a - x**3. Give v(1).
7
Let d(u) = -u**2 + 8*u - 12. Let j be d(5). Let b(l) = 2*l**2 - 5*l + 4. What is b(j)?
7
Let h(w) = -w**2 + 10*w - 7. Let b be h(10). Let c(d) = d**2 + 7*d - 3. Calculate c(b).
-3
Let p(d) = 4*d**2 - 29*d + 8. Let m(s) = -s**2 + 7*s - 2. Let o(f) = -9*m(f) - 2*p(f). Calculate o(5).
2
Let r(f) = f**3 + 5*f**2 + 3*f - 4. Let n = -51 + 48. Give r(n).
5
Let g(r) be the third derivative of -r**5/60 - 5*r**4/24 - 5*r**3/6 - 10*r**2. Give g(-4).
-1
Let b(g) = -g**3 - 6*g**2 + 14*g - 16. Let z be b(-8). Let i(h) be the third derivative of 0*h - 3*h**2 - 1/24*h**4 + z - 1/3*h**3. Calculate i(-4).
2
Let r be (-2)/13 - (-168)/78. Let a(g) = 5*g + 1. What is a(r)?
11
Let a(c) = -c**2 + 7*c - 10. Let t be a(6). Let z = 2 - t. Let x(y) = -y**3 + 6*y**2 - 7. Determine x(z).
-7
Let x be (2/3)/(1/3). Let q be x/(-3) + (-33)/(-9). Let n(b) = -4*b**2 - 2 - 3*b + 3*b**3 + 5*b - 2*b**3. Give n(q).
-5
Suppose h = -3 + 11. Let i(v) = -h*v + v + v**2 + 8 - 1. Calculate i(6).
1
Let h(l) = 2*l**2 - 3 + 2 + 0 - 2*l**3. Let o(m) = -m - 2. Let a(b) = b**3 - 8*b**2 + b - 11. Let v be a(8). Let u be o(v). Give h(u).
-1
Let h(n) be the first derivative of n**4/4 - 5*n**3/3 + 5*n**2/2 + n - 1. Suppose f = -2*f. Suppose -k + 4 = -f*k. Determine h(k).
5
Let h(a) = 5*a**2 - 2*a - 1. Suppose 2*r + 3*r = 55. Suppose l + 0*l + q + 1 = 0, -4*q = -3*l + r. Let o = l + -2. What is h(o)?
6
Let d(l) = -l**3 + 5*l**2 - 2*l + 4. Let t = -53 + 49. Let v = -12 + 21. Let w = t + v. Calculate d(w).
-6
Suppose 1 = 5*n - 14. Let j(z) = 2*z - 2. Determine j(n).
4
Let p(u) = -u**2 + 4*u + 6. Let y be 4/(-2) + (-8)/1. Let f(o) = o**2 + 10*o + 5. Let n be f(y). Suppose w + 2 = h - 6, w = n*h - 28. Give p(h).
1
Let p(h) be the first derivative of 0*h - 2 - 1/2*h**3 + h**2 + 5/24*h**4. Let y(v) be the second derivative of p(v). Give y(2).
7
Let p(a) = 6*a**2 + a - 1. Let y(k) = k**2 + 6*k + 5. Let d be y(-5). Suppose -3*m + 3 = -d. Determine p(m).
6
Suppose 2*s + 0 - 8 = -2*z, -3*s - 3 = -2*z. Suppose -o - 2*o = -6. Let g(n) = z*n**o - 2*n**2 + 0*n**2 - 4 + n**3 + 0*n**2 + n. Give g(0).
-4
Let j(m) be the third derivative of m**6/120 - m**5/10 + m**4/6 - m**3 - 2*m**2 - m. Determine j(5).
-11
Let g(c) = c**2 - 4*c - 6. Let t(d) = 5*d + 7. Let f(j) = -6*g(j) - 5*t(j). Suppose 12 = -3*z, -9 = u + 2*u + 3*z. Give f(u).
-6
Let d = -1 + 4. Suppose -d*v - 4 = t, -4 + 0 = 3*t + 5*v. Let y(l) = 2*l**2 - 4*l**2 + t*l - 1 + 0 - 2. Give y(2).
-7
Suppose -3*i + 7*i = -16. Let p(t) = -t. Calculate p(i).
4
Let w(x) = x**2 + 1. Let c(j) = 7*j**2 + j + 9. Let r be 26/(-22) + (-4)/(-22). Let k(b) = r*c(b) + 6*w(b). Suppose 0*g = -g. Determine k(g).
-3
Let p be ((-1)/2)/((-1)/10). Let t(g) be the third derivative of 0*g - 1/60*g**5 - 1/3*g**3 + 7/24*g**4 + 0 - g**2. Calculate t(p).
8
Suppose -7*x = s - 2*x - 3, 5*s - x - 15 = 0. Suppose s*p - 2*p + 4 = 0. Let n(f) = -f**3 - 6*f**2. Let m(a) = -a. Let b(k) = -6*m(k) - n(k). Calculate b(p).
8
Suppose 0 = -2*m + 3*w - 0*w - 12, 5*m = 2*w - 8. Let s(d) = -d + 14. What is s(m)?
14
Let f(u) = -4*u + 3*u - 2*u. Suppose -3*a = -3*g + 6, 4*a + 5*g - g - 16 = 0. Give f(a).
-3
Suppose -2*j + 2 = -t, -2*j + 0*t + 2*t = 0. Suppose -q = 2*q - 5*w + 7, 9 = q + 4*w. Let z(p) = -3*p + q - 3 - p + 5*p. Give z(j).
0
Suppose 0 = -5*d - o + 12, 0 = -3*o + 3 + 3. Let u(n) = -n**2 + 6*n + 19*n**3 - 6*n**d - 4 - 18*n**3. Calculate u(6).
-4
Let u(x) = 3*x**2 + 9*x + 6. Let w(m) = -16*m**2 - 45*m - 29. Let h(z) = 11*u(z) + 2*w(z). What is h(-8)?
0
Let c be 3 - (-1)/(1/(-15)). Let l be (-6)/(-12)*c/(-2). Let i(w) = w - 2. Calculate i(l).
1
Let d(n) be the third derivative of n**8/20160 + n**7/1008 + n**6/120 + n**5/30 - 6*n**2. Let p(k) be the third derivative of d(k). Give p(-4).
2
Let g(q) be the third derivative of -q**6/60 + q**5/30 - q**4/24 - 6*q**2. Let o(s) = -s**2 + s - 1. Let w be o(0). Let a be (1/(-4))/(w/4). What is g(a)?
-1